Let r = 361 - f. What are the prime factors of r?
2, 5, 23
What are the prime factors of (-50899)/(-46) - (-1 - 1/(-2))?
3, 41
Suppose 5 + 7 = 3*v, -4*w + 3*v = -4. Suppose -d = 2, -3*d - 2 - w = -2*f. Suppose f = -2*m + 109 + 69. List the prime factors of m.
89
Let l be 3/(-9)*1062/((-12)/2). List the prime factors of 1*(1 + -2) + (l - -919).
977
Let y(d) = -d**2 - 179*d - 1882. List the prime factors of y(-164).
2, 17
Suppose -4*j + 135107 = b, -3*b + 40061 + 27510 = 2*j. What are the prime factors of j?
5, 7, 193
Let o(j) = 3*j**3 - 2*j - 123. Let n be o(0). Suppose 5*p - 2*p + 216 = 0. Let d = p - n. List the prime factors of d.
3, 17
Suppose -3562771 = 112*a - 416*a + 2015933. What are the prime factors of a?
3, 2039
Suppose 8*p = 4*p - w + 719, -2*p + 4*w + 364 = 0. Let z = p - -272. What are the prime factors of z?
2, 113
Let z(o) = -o**2 - 17*o - 33. Let d be z(-15). Let c be (4 + 2)*(-2 - 7/d). Suppose 4*n - v + 0 = 12, c*n - 2*v - 12 = 0. List the prime factors of n.
2
Let c(y) = y**2 - y + 1. Let a(j) = 21*j**2 - 4*j - 8. Let x(t) = a(t) - c(t). What are the prime factors of x(-3)?
2, 3, 5
Let n(g) = 6*g**3 + g + 7145. List the prime factors of n(0).
5, 1429
Suppose 7*h = 9*h - 1114. Let x = h + 378. What are the prime factors of x?
5, 11, 17
Suppose 0 = 22*n + 14*n + 13*n - 2216417. List the prime factors of n.
45233
Let q(l) = 987 - 68*l**3 - 991 - 4*l + 5*l. What are the prime factors of q(-2)?
2, 269
Suppose 10*a - 2*a - 3808 = 0. List the prime factors of (1 + a)/((-24)/(-16)).
2, 3, 53
Let v = -325 + 1009. Suppose -4*r + v = 4*a, -2*a = -2*r - 34 - 296. What are the prime factors of a?
2, 3, 7
List the prime factors of (-82294)/(-3) - (-392)/147.
2, 11, 29, 43
Let s = -8319 + 12663. Suppose -31*a + s = -23*a. What are the prime factors of a?
3, 181
Let i be 15/6*(-2)/(-5). Suppose -21*k + 16416 = -25*k. List the prime factors of ((-1)/(-5))/i - k/30.
137
Let k(t) = -1269*t + 5249. List the prime factors of k(-8).
15401
Let s = -31 + 11. Let n be s/(-4)*2/((-2)/(-1)). Let u(t) = 2*t**2 - 3*t - 5. List the prime factors of u(n).
2, 3, 5
Let p(a) be the second derivative of a**4/3 + 19*a**3/6 + 5*a**2 + 10*a. Let k be p(-4). Let q(s) = -6*s**3 - 3*s**2 - s. What are the prime factors of q(k)?
2, 19
Let j be -13 + 22 + (5 - -1). Suppose j*x - 14*x = 78. What are the prime factors of x?
2, 3, 13
Suppose -784*a + 793*a - 28971 = 0. What are the prime factors of a?
3, 29, 37
Suppose 3*d - 1561 = -211. Suppose -4*t = 4*v - 432, 4*v + 6*t - d = 11*t. What are the prime factors of v?
2, 5, 11
Let n(w) = 2*w**2 + 7*w - 2. Let q(f) = -f**2 - f. Let z(k) = -n(k) - q(k). Let l be z(-6). Suppose 0 = l*m - 26 - 206. What are the prime factors of m?
2, 29
Let f(a) = 148*a**2 - 84*a - 963. What are the prime factors of f(-8)?
9181
Let p(w) = -33*w**2. Let v be p(-1). Let k = v - -51. Let i(q) = q**3 - 17*q**2 - 17*q + 20. What are the prime factors of i(k)?
2, 19
Let v(k) = 9*k + 20. Let l = 33 - 30. What are the prime factors of v(l)?
47
Let y(s) be the third derivative of s**5/12 + s**4/24 - 7*s**3/3 - 37*s**2. What are the prime factors of y(6)?
2, 43
Let p = 37236 + -13638. List the prime factors of p.
2, 3, 19, 23
Suppose 4*g + 2*y = 16112, -16*y + 15*y = 4. What are the prime factors of g?
2, 5, 13, 31
Suppose -3*j = -13*o + 18*o - 202341, 4*o = -3*j + 161871. What are the prime factors of o?
2, 3, 5, 19, 71
Let c be 17/68*8/1. Let v(o) = 4 - 46*o**2 + 53*o**c + 2. List the prime factors of v(3).
3, 23
Suppose -2*z - 5*f = -1238 - 1706, -20 = -5*f. List the prime factors of z.
2, 17, 43
Let y be 2168 - 15*(-3)/9. Let w = y - 905. List the prime factors of w.
2, 317
Let c(k) = -802*k + 6672. What are the prime factors of c(-47)?
2, 7, 3169
Let q be ((-18)/8)/((-12)/960). Suppose -425 = -11*a + q. List the prime factors of a.
5, 11
Suppose 104*l - 1480324 + 166592 = 345380. List the prime factors of l.
7, 43, 53
Suppose -5*b = 2*k + 6, -5*k = 4*b - 3 + 18. What are the prime factors of (-1 - 4*k/(-24))*-134?
3, 67
Let k = -24538 - -41648. List the prime factors of k.
2, 5, 29, 59
Suppose 2831*v - 471445 = 2899*v - 2520013. What are the prime factors of v?
2, 3, 5021
Let o be ((-4 - -1387) + -2)/1. Suppose 3*k = -4*q + o, -2*k + 1735 = 3*q + 2*q. What are the prime factors of q?
349
Suppose -3*a = 4*o - 59, 0*a - 2*a - o + 41 = 0. Let f(q) = -a*q**2 + 54*q**2 - 2*q + 2 - 5 + 23*q**2. List the prime factors of f(-1).
5, 11
Let c = 57045 + -14143. List the prime factors of c.
2, 19, 1129
Let n(h) = -3*h**3 - 8*h**2 - 11*h - 13. Let i(c) = 7*c**3 + 16*c**2 + 22*c + 27. Let u(q) = 2*i(q) + 5*n(q). Let y = -67 - -59. List the prime factors of u(y).
7, 11
Let x(u) = -5*u**2 - 48*u + 8713. List the prime factors of x(0).
8713
Suppose 8*u + 548 + 1692 = 0. What are the prime factors of (86/(-8))/(10/u)?
7, 43
Let c = -2 + 18. Let l = c + -30. Let s = 16 + l. List the prime factors of s.
2
Suppose 5*a = 4*q + 48978, -52*a + 2*q + 39186 = -48*a. List the prime factors of a.
2, 3, 23, 71
Let s(v) = 39*v + 312. Let r be s(-8). Suppose r = 5*m + h - 3881, 16*h = m + 19*h - 765. What are the prime factors of m?
3, 7, 37
Let z = 7792 + 10495. What are the prime factors of z?
18287
Let s = 16251 - -16110. List the prime factors of s.
3, 7, 23, 67
Let k = 18093 + -9675. List the prime factors of k.
2, 3, 23, 61
Let r be (234/12)/(-13)*-10. List the prime factors of 4 + (1 + (-10)/r)*1509.
3, 13
Suppose 0 = i + 66 - 65. List the prime factors of (6/(-9))/((1/i)/2256).
2, 47
Let k(u) = u**3 - 10*u**2 - 4*u - 12. Let z be k(12). Suppose -m = -4*t + 1598, t + 4*m - 163 = z. What are the prime factors of t?
3, 7, 19
Suppose 0 = -c + 7*n - 3*n + 8, -3*c = -5*n + 4. Let y(m) = -13*m - 35. Let s(l) = l - 14. Let j(i) = -2*s(i) + y(i). What are the prime factors of j(c)?
113
Let c(t) = -1009*t + 1207. List the prime factors of c(-4).
7, 107
Let m = 3 - 1. Suppose m*n - 137 + 17 = 0. Let o = -53 + n. List the prime factors of o.
7
Let p = 145 - 143. What are the prime factors of (p + 3)/10 - (-1282)/4?
3, 107
Suppose -5*o + 4391 = -2559. Let v = 30 + o. What are the prime factors of v?
2, 5, 71
Let t(d) = 6*d - 10. Let q be t(2). Suppose 0 = 4*x - q - 18. Suppose -x*g + 838 = 198. What are the prime factors of g?
2
Let u(t) = -412*t - 543. What are the prime factors of u(-10)?
7, 73
Suppose -11*z + 20 = -1927. What are the prime factors of z?
3, 59
Let z be (218/4)/(1/2*-1). Let b = z + 276. What are the prime factors of b?
167
Let o(x) = -x + 35*x**2 + 14*x + x - 30. List the prime factors of o(4).
2, 293
Suppose 2527 + 65806 = 23*s. What are the prime factors of s?
2971
Suppose -6*k + 8*k = 8. Suppose -4*b - 551 = 4*f - b, 4*b + 552 = -k*f. Let g = f - -200. What are the prime factors of g?
3, 7
Let x be 5/(-2)*(0 + (-24)/(-20)). Let v(h) = 9*h + 30. Let k be v(x). Suppose -5*f + 119 = -2*c + 3*c, 0 = -k*c - 4*f + 401. List the prime factors of c.
139
What are the prime factors of ((-3)/(-12))/((-62)/(-9708704))?
2, 9787
Suppose -669*u = -746*u + 885038. What are the prime factors of u?
2, 7, 821
Let b(n) = -3*n - 48. Let w be b(-16). Suppose -2*d - z = -2359, 0 = 4*d - w*d + z - 4723. List the prime factors of d.
2, 3, 197
Let f(v) = -227*v - 718. What are the prime factors of f(-43)?
9043
Let b(r) = -r**3 + 6*r**2. Let t be b(6). Suppose t = 5*s + 3*m + 77, 68 = -2*s - 2*s - 4*m. Let j(i) = -2*i**2 - 33*i - 8. What are the prime factors of j(s)?
83
Let b = -1060 + 2604. Suppose a + c - b = -3*a, a + 2*c - 379 = 0. What are the prime factors of a?
3, 43
Suppose -s + 4*q = 4*s - 1965, -3*s = q - 1196. List the prime factors of s.
397
Let y(n) be the first derivative of n**3 - 41*n**2/2 + 21*n - 42. Let r(a) be the first derivative of y(a). List the prime factors of r(21).
5, 17
Suppose 4*s = -16*s + 2160. Suppose -25*n = -31*n + s. What are the prime factors of n?
2, 3
Suppose 114138 = 3*i - q + 22485, 30549 = i - q. What are the prime factors of (-7)/((-77)/2) - i/(-33)?
2, 463
Let j = 1415 - 1405. Let l = -117 + 12. What are the prime factors of l/(-14)*12/j?
3
List the prime factors of (-264)/36*4104/(-132) + -7 + 1.
2, 3, 37
Suppose 0 = -18328*g + 18294*g + 589832. What are the prime factors of g?
2, 4337
Let k be 40/(-100) - (212/(-5) + 2). Suppose 3*y = -